{"id":185,"date":"2024-04-21T20:52:48","date_gmt":"2024-04-21T18:52:48","guid":{"rendered":"http:\/\/www.schachverein-lochau.at\/wordpress\/?page_id=185"},"modified":"2024-04-21T20:52:48","modified_gmt":"2024-04-21T18:52:48","slug":"hall-of-fame","status":"publish","type":"page","link":"http:\/\/www.schachverein-lochau.at\/wordpress\/hall-of-fame\/","title":{"rendered":"Hall of Fame"},"content":{"rendered":"\n<h2 class=\"wp-block-heading\">Der erste Vereinsmeister in der Geschichte des Vereins<\/h2>\n\n\n\n<figure class=\"wp-block-image size-full\"><img loading=\"lazy\" decoding=\"async\" width=\"368\" height=\"304\" src=\"http:\/\/www.schachverein-lochau.at\/wordpress\/wp-content\/uploads\/2024\/04\/grafik-12.png\" alt=\"\" class=\"wp-image-186\" srcset=\"http:\/\/www.schachverein-lochau.at\/wordpress\/wp-content\/uploads\/2024\/04\/grafik-12.png 368w, http:\/\/www.schachverein-lochau.at\/wordpress\/wp-content\/uploads\/2024\/04\/grafik-12-300x248.png 300w\" sizes=\"auto, (max-width: 368px) 100vw, 368px\" \/><\/figure>\n\n\n\n<hr class=\"wp-block-separator has-alpha-channel-opacity\"\/>\n\n\n\n<h2 class=\"wp-block-heading\">Die meisten Vereinsmeistertitel in der Geschichte des Vereins<\/h2>\n\n\n\n<p>Stand21.04.2024<\/p>\n\n\n\n<figure class=\"wp-block-image size-full\"><img loading=\"lazy\" decoding=\"async\" width=\"646\" height=\"289\" src=\"http:\/\/www.schachverein-lochau.at\/wordpress\/wp-content\/uploads\/2024\/04\/grafik-13.png\" alt=\"\" class=\"wp-image-187\" srcset=\"http:\/\/www.schachverein-lochau.at\/wordpress\/wp-content\/uploads\/2024\/04\/grafik-13.png 646w, http:\/\/www.schachverein-lochau.at\/wordpress\/wp-content\/uploads\/2024\/04\/grafik-13-300x134.png 300w\" sizes=\"auto, (max-width: 646px) 100vw, 646px\" \/><\/figure>\n\n\n\n<ol class=\"wp-block-list\">\n<li>MITTELBERGER Peter mit 13 Titeln<\/li>\n\n\n\n<li>RIGG Hans mit 12 Titeln<\/li>\n\n\n\n<li>PLANATSCHER Alois mit 11 Titeln<\/li>\n\n\n\n<li>KOGLER Helmut und EILER Gebhard mit jeweils 7 Titeln<\/li>\n<\/ol>\n\n\n\n<hr class=\"wp-block-separator has-alpha-channel-opacity\"\/>\n\n\n\n<h2 class=\"wp-block-heading\">Diese Vereinsmeister haben bisher ein Triple geschafft<\/h2>\n\n\n\n<p>Stand 21.04.2024<\/p>\n\n\n\n<figure class=\"wp-block-image size-full\"><img loading=\"lazy\" decoding=\"async\" width=\"680\" height=\"166\" src=\"http:\/\/www.schachverein-lochau.at\/wordpress\/wp-content\/uploads\/2024\/04\/grafik-14.png\" alt=\"\" class=\"wp-image-188\" srcset=\"http:\/\/www.schachverein-lochau.at\/wordpress\/wp-content\/uploads\/2024\/04\/grafik-14.png 680w, http:\/\/www.schachverein-lochau.at\/wordpress\/wp-content\/uploads\/2024\/04\/grafik-14-300x73.png 300w\" sizes=\"auto, (max-width: 680px) 100vw, 680px\" \/><\/figure>\n\n\n\n<figure class=\"wp-block-image size-full\"><img loading=\"lazy\" decoding=\"async\" width=\"679\" height=\"166\" src=\"http:\/\/www.schachverein-lochau.at\/wordpress\/wp-content\/uploads\/2024\/04\/grafik-15.png\" alt=\"\" class=\"wp-image-189\" srcset=\"http:\/\/www.schachverein-lochau.at\/wordpress\/wp-content\/uploads\/2024\/04\/grafik-15.png 679w, http:\/\/www.schachverein-lochau.at\/wordpress\/wp-content\/uploads\/2024\/04\/grafik-15-300x73.png 300w\" sizes=\"auto, (max-width: 679px) 100vw, 679px\" \/><\/figure>\n\n\n\n<ol class=\"wp-block-list\">\n<li>RIGG Hans 1958\/59\/60<\/li>\n\n\n\n<li>KOGLER Helmut 1966\/67\/68<\/li>\n\n\n\n<li>PLANATSCHER Alois 1983\/84\/85<\/li>\n\n\n\n<li>EILER Gebhard 1991\/92\/93<\/li>\n\n\n\n<li>MITTELBERGER Peter 1997\/98\/99<\/li>\n\n\n\n<li>MITTELBERGER Peter 2012\/13\/14<\/li>\n\n\n\n<li>MITTELBERGER Peter 2017\/18\/19<\/li>\n<\/ol>\n\n\n\n<hr class=\"wp-block-separator has-alpha-channel-opacity\"\/>\n\n\n\n<h2 class=\"wp-block-heading\">Landeseinzelmeister &#8211; Allgemeine Klasse des SV-Lochau<\/h2>\n\n\n\n<p>Stand 21.04.2024<\/p>\n\n\n\n<figure class=\"wp-block-image size-full\"><img loading=\"lazy\" decoding=\"async\" width=\"369\" height=\"275\" src=\"http:\/\/www.schachverein-lochau.at\/wordpress\/wp-content\/uploads\/2024\/04\/grafik-16.png\" alt=\"\" class=\"wp-image-190\" srcset=\"http:\/\/www.schachverein-lochau.at\/wordpress\/wp-content\/uploads\/2024\/04\/grafik-16.png 369w, http:\/\/www.schachverein-lochau.at\/wordpress\/wp-content\/uploads\/2024\/04\/grafik-16-300x224.png 300w\" sizes=\"auto, (max-width: 369px) 100vw, 369px\" \/><\/figure>\n\n\n\n<ol class=\"wp-block-list\">\n<li>MITTELBERGER Peter 1991\/92<\/li>\n\n\n\n<li>MITTELBERGER Peter 1993\/94<\/li>\n\n\n\n<li>SCHMIDLECHNER Alexander 1999\/00<\/li>\n<\/ol>\n\n\n\n<hr class=\"wp-block-separator has-alpha-channel-opacity\"\/>\n\n\n\n<h2 class=\"wp-block-heading\">Landesseniorenmeister des SV-Lochau<\/h2>\n\n\n\n<p>Stand 23.12.2022<\/p>\n\n\n\n<figure class=\"wp-block-image size-full is-resized\"><img loading=\"lazy\" decoding=\"async\" width=\"693\" height=\"312\" src=\"http:\/\/www.schachverein-lochau.at\/wordpress\/wp-content\/uploads\/2024\/04\/grafik-17.png\" alt=\"\" class=\"wp-image-191\" style=\"width:670px;height:auto\" srcset=\"http:\/\/www.schachverein-lochau.at\/wordpress\/wp-content\/uploads\/2024\/04\/grafik-17.png 693w, http:\/\/www.schachverein-lochau.at\/wordpress\/wp-content\/uploads\/2024\/04\/grafik-17-300x135.png 300w\" sizes=\"auto, (max-width: 693px) 100vw, 693px\" \/><\/figure>\n\n\n\n<ol class=\"wp-block-list\">\n<li>BAUER Walter 1980\/81 somit erster Senioren-Landesmeister<\/li>\n\n\n\n<li>BAUER Walter 1981\/82<\/li>\n\n\n\n<li>BAUER Walter 1982\/83<\/li>\n\n\n\n<li>KOGLER Helmut 1991\/92<\/li>\n\n\n\n<li>KOGLER Helmut 1992\/93<\/li>\n\n\n\n<li>RIGG Hans 1997\/98<\/li>\n\n\n\n<li>RIGG Hans 1998\/99<\/li>\n\n\n\n<li>RIGG Hans 1999\/00<\/li>\n\n\n\n<li>RIGG Hans 2003\/04<\/li>\n\n\n\n<li>RIGG Hans 2004\/05<\/li>\n\n\n\n<li>EILER Gebhard 2015\/16<\/li>\n\n\n\n<li>Landesmannschaftsmeister Senioren 2015\/16 (Team LOCHAU: EILER Gebhard, RIGG Hans, EILER Bruno)<\/li>\n\n\n\n<li>Landesmannschaftsmeister Senioren 2016\/17 (Team LOCHAU: HEINRITZ Dietmar, RIGG Hans, EILER Gebhard)<\/li>\n\n\n\n<li>Landesmannschaftsmeister Senioren 2017\/18 (Team LOCHAU: HEINRITZ Dietmar, EILER Bruno, EILER Gebhard)<\/li>\n\n\n\n<li>EILER Gebhard 2018\/19<\/li>\n\n\n\n<li>Landesmannschaftsmeister Senioren 2018\/19 (Team LOCHAU: EILER Gebhard, Heinritz Dietmar, RIGG Hans)<\/li>\n\n\n\n<li>EILER Gebhard 2020\/21<\/li>\n\n\n\n<li>EILER Gebhard 2021\/22<\/li>\n\n\n\n<li>Landesmannschaftsmeister Senioren 2021\/22 (Team LOCHAU: EILER Gebhard, FORSTER Reinhard, RIGG Hans)<\/li>\n<\/ol>\n\n\n\n<hr class=\"wp-block-separator has-alpha-channel-opacity\"\/>\n\n\n\n<h2 class=\"wp-block-heading\">Landesjugendmeister des SV-Lochau<\/h2>\n\n\n\n<p>Stand: 2024<\/p>\n\n\n\n<figure class=\"wp-block-image size-full\"><img loading=\"lazy\" decoding=\"async\" width=\"661\" height=\"345\" src=\"http:\/\/www.schachverein-lochau.at\/wordpress\/wp-content\/uploads\/2024\/04\/grafik-18.png\" alt=\"\" class=\"wp-image-192\" srcset=\"http:\/\/www.schachverein-lochau.at\/wordpress\/wp-content\/uploads\/2024\/04\/grafik-18.png 661w, http:\/\/www.schachverein-lochau.at\/wordpress\/wp-content\/uploads\/2024\/04\/grafik-18-300x157.png 300w\" sizes=\"auto, (max-width: 661px) 100vw, 661px\" \/><\/figure>\n\n\n\n<p>Jugend: EILER Gebhard 1972\/73<br>Junioren: EILER Bruno 1972\/73<br>Junioren: EILER Gebhard 1973\/74<br>Junioren: EILER Gebhard 1974\/75<br>Jugend: PLANATSCHER Alois 1981\/82<br>Jugend: PLANATSCHER Alois 1982\/83<br>Jugend: SRIENZ Christian 1984\/8<br>Junioren: V\u00d6GEL Wolfgang 1988\/89<br>U18: SRIENZ Christian 1989\/90<br>U20: V\u00d6GEL Wolfgang 1990\/91<br>U12: HILLGARTER Christoph 1991\/92<br>U14: HILLGARTER Christoph 1992\/93<br>U14: HILLGARTER Christoph 1993\/94<br>U16: HILLGARTER Christoph 1994\/95<br>U16: HILLGARTER Christoph 1995\/96<br>U18: HILLGARTER Christoph 1996\/97<\/p>\n\n\n\n<hr class=\"wp-block-separator has-alpha-channel-opacity\"\/>\n\n\n\n<h2 class=\"wp-block-heading\">Meister in der Landesmannschaftsmeisterschaft &#8211; LIGA<\/h2>\n\n\n\n<p>Stand: 31.12.2024<\/p>\n\n\n\n<figure class=\"wp-block-image size-full\"><img loading=\"lazy\" decoding=\"async\" width=\"372\" height=\"280\" src=\"http:\/\/www.schachverein-lochau.at\/wordpress\/wp-content\/uploads\/2024\/04\/grafik-19.png\" alt=\"\" class=\"wp-image-193\" srcset=\"http:\/\/www.schachverein-lochau.at\/wordpress\/wp-content\/uploads\/2024\/04\/grafik-19.png 372w, http:\/\/www.schachverein-lochau.at\/wordpress\/wp-content\/uploads\/2024\/04\/grafik-19-300x226.png 300w\" sizes=\"auto, (max-width: 372px) 100vw, 372px\" \/><\/figure>\n\n\n\n<p>Den wohl gr\u00f6\u00dften Erfolg in der Vereinsgeschichte brachte aber das Spieljahr 1973\/74. Lochau wurde LIGA-MEISTER. Die VN vom 17.03.1974 f\u00fchrten den Meistertitel auch auf eine Mannschafts-Verj\u00fcngung zur\u00fcck. Hier die erfolgreichen Spieler:<br>RIGG Hans<br>KOGLER Helmut<br>DREXEL Manfred<br>STEMER Ferdinand<br>REICHART Markus<br>EILER Gebhard und Bruno<br>STRENG Paul<br>BAUER Walter<\/p>\n\n\n\n<hr class=\"wp-block-separator has-alpha-channel-opacity\"\/>\n\n\n\n<h2 class=\"wp-block-heading\">Vorarlberger CUP-Sieger<\/h2>\n\n\n\n<p>Stand 21.04.2023<\/p>\n\n\n\n<figure class=\"wp-block-image size-full\"><img loading=\"lazy\" decoding=\"async\" width=\"769\" height=\"327\" src=\"http:\/\/www.schachverein-lochau.at\/wordpress\/wp-content\/uploads\/2024\/04\/grafik-20.png\" alt=\"\" class=\"wp-image-194\" srcset=\"http:\/\/www.schachverein-lochau.at\/wordpress\/wp-content\/uploads\/2024\/04\/grafik-20.png 769w, http:\/\/www.schachverein-lochau.at\/wordpress\/wp-content\/uploads\/2024\/04\/grafik-20-300x128.png 300w\" sizes=\"auto, (max-width: 769px) 100vw, 769px\" \/><\/figure>\n\n\n\n<p><strong>Zum Ersten:<\/strong> Lochau I wird Rheintalcup-Spieger im <strong>Spieljahr 1986\/87<\/strong>. Nach sehr spannendem Verlauf k\u00f6nnen wir in der 5. Runde gegen Bludenz I mit 2,5:1,5 den<br>ersten Sieg in diesem Bewerb feiern.<br>PLANATSCHER Alois, EILER Gebhard, RIGG Hans, FORSTER Reinhard, DREXEL Christof<br><\/p>\n\n\n\n<p><strong>Zum Zweiten:<\/strong> Nach dem Vizemeistertitel vom Vorjahr ist es in diesem <strong>Spieljahr 1995\/96<\/strong> endlich gelungen den CUP zu gewinnen! Dabei mu\u00dften wir im Finale auf Peter<br>Mittelberger verzichten, der urlaubsbedingt fehlte. Das Siegerteam:<br>MITTELBERGER Peter, FORSTER Reinhard, EILER Gebhard, HILLGARTER Christoph, PLANATSCHER Alois<\/p>\n\n\n\n<hr class=\"wp-block-separator has-alpha-channel-opacity\"\/>\n\n\n\n<h2 class=\"wp-block-heading\">Vorarlberger Landesblitzmeisterschaften<\/h2>\n\n\n\n<p>Stand: 21.04.2024<\/p>\n\n\n\n<figure class=\"wp-block-image size-full\"><img loading=\"lazy\" decoding=\"async\" width=\"576\" height=\"229\" src=\"http:\/\/www.schachverein-lochau.at\/wordpress\/wp-content\/uploads\/2024\/04\/grafik-21.png\" alt=\"\" class=\"wp-image-195\" srcset=\"http:\/\/www.schachverein-lochau.at\/wordpress\/wp-content\/uploads\/2024\/04\/grafik-21.png 576w, http:\/\/www.schachverein-lochau.at\/wordpress\/wp-content\/uploads\/2024\/04\/grafik-21-300x119.png 300w\" sizes=\"auto, (max-width: 576px) 100vw, 576px\" \/><\/figure>\n\n\n\n<p>2014:<\/p>\n\n\n\n<ol class=\"wp-block-list\">\n<li>Rang Landesmannschaftsblitzmeister 2014\/15 (MITTELBERGER, DONEV, PLANATSCHER)<\/li>\n\n\n\n<li>Rang MITTELBERGER Peter 2014\/15<\/li>\n\n\n\n<li>Rang DONEV Ivo 2014\/15<br><\/li>\n<\/ol>\n\n\n\n<p>2018:<\/p>\n\n\n\n<ol class=\"wp-block-list\">\n<li>Rang Landesmannschaftsblitzmeister 2017\/18 (MITTELBERGER, SRIENZ, KLOTTER)<\/li>\n\n\n\n<li>Rang MITTELBERGER Peter 2017\/18 (Landesblitzmeister Einzel)<\/li>\n\n\n\n<li>Rang SRIENZ Christian 2017\/18<\/li>\n<\/ol>\n\n\n\n<hr class=\"wp-block-separator has-alpha-channel-opacity\"\/>\n","protected":false},"excerpt":{"rendered":"<p>Der erste Vereinsmeister in der Geschichte des Vereins Die meisten Vereinsmeistertitel in der Geschichte des Vereins Stand21.04.2024 Diese Vereinsmeister haben bisher ein Triple geschafft Stand 21.04.2024 Landeseinzelmeister &#8211; Allgemeine Klasse des SV-Lochau Stand 21.04.2024 Landesseniorenmeister des SV-Lochau Stand 23.12.2022 Landesjugendmeister &hellip; <a href=\"http:\/\/www.schachverein-lochau.at\/wordpress\/hall-of-fame\/\">Weiterlesen <span class=\"meta-nav\">&rarr;<\/span><\/a><\/p>\n","protected":false},"author":1,"featured_media":0,"parent":0,"menu_order":0,"comment_status":"closed","ping_status":"closed","template":"","meta":{"footnotes":""},"class_list":["post-185","page","type-page","status-publish","hentry"],"_links":{"self":[{"href":"http:\/\/www.schachverein-lochau.at\/wordpress\/wp-json\/wp\/v2\/pages\/185","targetHints":{"allow":["GET"]}}],"collection":[{"href":"http:\/\/www.schachverein-lochau.at\/wordpress\/wp-json\/wp\/v2\/pages"}],"about":[{"href":"http:\/\/www.schachverein-lochau.at\/wordpress\/wp-json\/wp\/v2\/types\/page"}],"author":[{"embeddable":true,"href":"http:\/\/www.schachverein-lochau.at\/wordpress\/wp-json\/wp\/v2\/users\/1"}],"replies":[{"embeddable":true,"href":"http:\/\/www.schachverein-lochau.at\/wordpress\/wp-json\/wp\/v2\/comments?post=185"}],"version-history":[{"count":1,"href":"http:\/\/www.schachverein-lochau.at\/wordpress\/wp-json\/wp\/v2\/pages\/185\/revisions"}],"predecessor-version":[{"id":197,"href":"http:\/\/www.schachverein-lochau.at\/wordpress\/wp-json\/wp\/v2\/pages\/185\/revisions\/197"}],"wp:attachment":[{"href":"http:\/\/www.schachverein-lochau.at\/wordpress\/wp-json\/wp\/v2\/media?parent=185"}],"curies":[{"name":"wp","href":"https:\/\/api.w.org\/{rel}","templated":true}]}}